{"id":161,"date":"2025-07-01T04:06:39","date_gmt":"2025-07-01T04:06:39","guid":{"rendered":"https:\/\/info.kpuc.dev\/?page_id=161"},"modified":"2025-07-01T15:32:54","modified_gmt":"2025-07-01T15:32:54","slug":"privacy-policy-2","status":"publish","type":"page","link":"https:\/\/info.kpuc.dev\/index.php\/privacy-policy-2\/","title":{"rendered":"Politique de confidentialit\u00e9"},"content":{"rendered":"\t\t<div data-elementor-type=\"wp-page\" data-elementor-id=\"161\" class=\"elementor elementor-161\">\n\t\t\t\t<div class=\"elementor-element elementor-element-2a54116f e-flex e-con-boxed wpr-particle-no wpr-jarallax-no wpr-parallax-no wpr-sticky-section-no wpr-equal-height-no e-con e-parent\" data-id=\"2a54116f\" data-element_type=\"container\" data-e-type=\"container\">\n\t\t\t\t\t<div class=\"e-con-inner\">\n\t\t\t\t<div class=\"elementor-element elementor-element-1e902d59 elementor-widget elementor-widget-text-editor\" data-id=\"1e902d59\" data-element_type=\"widget\" data-e-type=\"widget\" data-widget_type=\"text-editor.default\">\n\t\t\t\t<div class=\"elementor-widget-container\">\n\t\t\t\t\t\t\t\t\t\n<h1 class=\"wp-block-heading\" data-start=\"148\" data-end=\"178\">Politique de confidentialit\u00e9<\/h1>\n<h2 data-start=\"180\" data-end=\"198\">Qui sommes-nous<\/h2>\n<p data-start=\"200\" data-end=\"281\">L\u2019adresse de notre site web est : <a class=\"\" href=\"https:\/\/info.kpuc.dev\" target=\"_new\" rel=\"noopener\" data-start=\"234\" data-end=\"280\">https:\/\/info.kpuc.dev<\/a>.<\/p>\n<h2 data-start=\"283\" data-end=\"298\">Commentaires<\/h2>\n<p data-start=\"300\" data-end=\"541\">Lorsque vous laissez un commentaire sur notre site, nous collectons les donn\u00e9es inscrites dans le formulaire de commentaire, ainsi que votre adresse IP et la cha\u00eene d\u2019agent utilisateur de votre navigateur pour aider \u00e0 la d\u00e9tection des spams.<\/p>\n<p data-start=\"543\" data-end=\"949\">Une cha\u00eene anonymis\u00e9e cr\u00e9\u00e9e \u00e0 partir de votre adresse e-mail (\u00e9galement appel\u00e9e <em data-start=\"623\" data-end=\"629\">hash<\/em>) peut \u00eatre fournie au service Gravatar pour v\u00e9rifier si vous l\u2019utilisez. La politique de confidentialit\u00e9 du service Gravatar est disponible ici : <a class=\"\" href=\"https:\/\/automattic.com\/privacy\/\" target=\"_new\" rel=\"noopener\" data-start=\"776\" data-end=\"842\">https:\/\/automattic.com\/privacy\/<\/a>. Apr\u00e8s validation de votre commentaire, votre photo de profil est visible publiquement \u00e0 c\u00f4t\u00e9 de celui-ci.<\/p>\n<h2 data-start=\"951\" data-end=\"960\">M\u00e9dias<\/h2>\n<p data-start=\"962\" data-end=\"1226\">Si vous t\u00e9l\u00e9versez des images sur le site, nous vous conseillons d\u2019\u00e9viter de t\u00e9l\u00e9verser des images contenant des donn\u00e9es de localisation int\u00e9gr\u00e9es (EXIF GPS). Les visiteurs du site peuvent t\u00e9l\u00e9charger et extraire les donn\u00e9es de localisation des images sur le site.<\/p>\n<h2 data-start=\"1228\" data-end=\"1238\">Cookies<\/h2>\n<p data-start=\"1240\" data-end=\"1537\">Si vous laissez un commentaire sur notre site, il vous sera propos\u00e9 d\u2019enregistrer votre nom, adresse e-mail et site web dans des cookies. Cela est uniquement pour votre confort afin de ne pas avoir \u00e0 saisir ces informations de nouveau lors d\u2019un autre commentaire. Ces cookies expirent apr\u00e8s un an.<\/p>\n<p data-start=\"1539\" data-end=\"1766\">Si vous vous rendez sur la page de connexion, un cookie temporaire sera cr\u00e9\u00e9 pour d\u00e9terminer si votre navigateur accepte les cookies. Il ne contient aucune donn\u00e9e personnelle et sera supprim\u00e9 \u00e0 la fermeture de votre navigateur.<\/p>\n<p data-start=\"1768\" data-end=\"2193\">Lorsque vous vous connectez, nous mettrons en place un certain nombre de cookies pour enregistrer vos informations de connexion et vos pr\u00e9f\u00e9rences d\u2019affichage. La dur\u00e9e de vie d\u2019un cookie de connexion est de deux jours, celle d\u2019un cookie d\u2019option d\u2019\u00e9cran est d\u2019un an. Si vous cochez \u00ab Se souvenir de moi \u00bb, votre connexion sera conserv\u00e9e pendant deux semaines. En vous d\u00e9connectant, les cookies de connexion seront supprim\u00e9s.<\/p>\n<p data-start=\"2195\" data-end=\"2448\">En cas de modification ou de publication d\u2019un article, un cookie suppl\u00e9mentaire sera enregistr\u00e9 dans votre navigateur. Ce cookie ne comprend aucune donn\u00e9e personnelle et indique simplement l\u2019identifiant de l\u2019article modifi\u00e9. Il expire au bout d\u2019un jour.<\/p>\n<h2 data-start=\"2450\" data-end=\"2493\">Contenus embarqu\u00e9s depuis d\u2019autres sites<\/h2>\n<p data-start=\"2495\" data-end=\"2723\">Les articles de ce site peuvent inclure des contenus int\u00e9gr\u00e9s (par exemple des vid\u00e9os, images, articles\u2026). Le contenu int\u00e9gr\u00e9 depuis d\u2019autres sites se comporte de la m\u00eame mani\u00e8re que si le visiteur se rendait sur cet autre site.<\/p>\n<p data-start=\"2725\" data-end=\"2945\">Ces sites web pourraient collecter des donn\u00e9es sur vous, utiliser des cookies, embarquer des outils de suivis tiers et suivre vos interactions avec ce contenu embarqu\u00e9 si vous disposez d\u2019un compte connect\u00e9 sur leur site.<\/p>\n<h2 data-start=\"2947\" data-end=\"2986\">Avec qui nous partageons vos donn\u00e9es<\/h2>\n<p data-start=\"2988\" data-end=\"3107\">Si vous demandez une r\u00e9initialisation de mot de passe, votre adresse IP sera incluse dans l\u2019e-mail de r\u00e9initialisation.<\/p>\n<h2 data-start=\"3109\" data-end=\"3148\">Dur\u00e9e de conservation de vos donn\u00e9es<\/h2>\n<p data-start=\"3150\" data-end=\"3377\">Si vous laissez un commentaire, le commentaire et ses m\u00e9tadonn\u00e9es sont conserv\u00e9s ind\u00e9finiment. Cela permet de reconna\u00eetre et approuver automatiquement vos commentaires suivants au lieu de les laisser dans la file de mod\u00e9ration.<\/p>\n<p data-start=\"3379\" data-end=\"3779\">Pour les utilisateurs et utilisatrices qui s\u2019enregistrent sur notre site (si applicable), nous stockons \u00e9galement les informations personnelles indiqu\u00e9es dans leur profil. Tous les utilisateurs et utilisatrices peuvent voir, modifier ou supprimer leurs informations personnelles \u00e0 tout moment (sauf leur nom d\u2019utilisateur). Les administrateurs du site peuvent aussi voir et modifier ces informations.<\/p>\n<h2 data-start=\"3781\" data-end=\"3810\">Vos droits sur vos donn\u00e9es<\/h2>\n<p data-start=\"3812\" data-end=\"4257\">Si vous avez un compte ou si vous avez laiss\u00e9 des commentaires sur le site, vous pouvez demander \u00e0 recevoir un fichier contenant toutes les donn\u00e9es personnelles que nous poss\u00e9dons \u00e0 votre sujet, incluant celles que vous nous avez fournies. Vous pouvez \u00e9galement demander la suppression des donn\u00e9es personnelles vous concernant. Cela ne prend pas en compte les donn\u00e9es stock\u00e9es \u00e0 des fins administratives, l\u00e9gales ou pour des raisons de s\u00e9curit\u00e9.<\/p>\n<h2 data-start=\"4259\" data-end=\"4290\">O\u00f9 vos donn\u00e9es sont envoy\u00e9es<\/h2>\n<p data-start=\"4292\" data-end=\"4401\">Les commentaires des visiteurs peuvent \u00eatre v\u00e9rifi\u00e9s \u00e0 l\u2019aide d\u2019un service automatis\u00e9 de d\u00e9tection des spams.<\/p>\t\t\t\t\t\t\t\t<\/div>\n\t\t\t\t<\/div>\n\t\t\t\t\t<\/div>\n\t\t\t\t<\/div>\n\t\t\t\t<\/div>\n\t\t","protected":false},"excerpt":{"rendered":"<p>Politique de confidentialit\u00e9 Qui sommes-nous L\u2019adresse de notre site web est : https:\/\/info.kpuc.dev. Commentaires Lorsque vous laissez un commentaire sur notre site, nous collectons les donn\u00e9es inscrites dans le formulaire&hellip;<\/p>\n","protected":false},"author":1,"featured_media":0,"parent":0,"menu_order":4,"comment_status":"closed","ping_status":"closed","template":"","meta":{"footnotes":""},"class_list":["post-161","page","type-page","status-publish","hentry"],"_links":{"self":[{"href":"https:\/\/info.kpuc.dev\/index.php\/wp-json\/wp\/v2\/pages\/161","targetHints":{"allow":["GET"]}}],"collection":[{"href":"https:\/\/info.kpuc.dev\/index.php\/wp-json\/wp\/v2\/pages"}],"about":[{"href":"https:\/\/info.kpuc.dev\/index.php\/wp-json\/wp\/v2\/types\/page"}],"author":[{"embeddable":true,"href":"https:\/\/info.kpuc.dev\/index.php\/wp-json\/wp\/v2\/users\/1"}],"replies":[{"embeddable":true,"href":"https:\/\/info.kpuc.dev\/index.php\/wp-json\/wp\/v2\/comments?post=161"}],"version-history":[{"count":4,"href":"https:\/\/info.kpuc.dev\/index.php\/wp-json\/wp\/v2\/pages\/161\/revisions"}],"predecessor-version":[{"id":165,"href":"https:\/\/info.kpuc.dev\/index.php\/wp-json\/wp\/v2\/pages\/161\/revisions\/165"}],"wp:attachment":[{"href":"https:\/\/info.kpuc.dev\/index.php\/wp-json\/wp\/v2\/media?parent=161"}],"curies":[{"name":"wp","href":"https:\/\/api.w.org\/{rel}","templated":true}]}}